prime factors of m?
2, 251
Let n(f) = 7*f**2 - 35*f + 26. Let w be -3*(-2)/(-21) + (-86)/(-7). List the prime factors of n(w).
2, 307
Suppose -20*o - 18 = -23*o. Let w = 5 - o. What are the prime factors of 35/20*4 + w?
2, 3
Suppose -17*y - 47*y - 20557 = -1013133. What are the prime factors of y?
13, 1193
Let t = 242 - -3563. List the prime factors of t.
5, 761
What are the prime factors of 2296388/1192 - 1/(-2)?
41, 47
Let v(c) = 5888*c - 9048. What are the prime factors of v(9)?
2, 3, 1831
Suppose 35*q + 167*q = 3865873 - 160789. List the prime factors of q.
2, 3, 1019
Suppose 0 = -5*b + 3*x + 12, 5*x = -b + 9*x + 16. Suppose b = -2*r - 3*w + 736, -91 = -4*r + 3*w + 1381. List the prime factors of r.
2, 23
Let k be 0 - 7 - (11 + 115). Let j = -70 - k. What are the prime factors of j?
3, 7
Let y(x) = x**3 - 87*x**2 + 18*x + 91. List the prime factors of y(87).
1657
Let d be (16/(-4) + -14)*(-356)/(-12). Let g = 1281 + d. Suppose a = -8*a + g. What are the prime factors of a?
83
What are the prime factors of (-845 + -32)/(5 - 6)?
877
Let w(b) = -148*b. Let d be w(-1). Let a = d - -196. List the prime factors of a.
2, 43
Let v(s) = -5*s + 76. Let f be v(15). Let l(b) = 158*b - 9. What are the prime factors of l(f)?
149
Suppose 357 = 5*n + 47. Suppose -5*d - 7*s + 195 = 0, -2*s + 78 - 4 = 2*d. Let q = d + n. List the prime factors of q.
2, 47
Suppose 7*h - 204 + 190 = 0. What are the prime factors of -55 - -1387 - 2/(4/h)?
11
Let l(m) = m**3 + m**2 - 15*m - 7. Let n be l(-4). Suppose -z - 5*p + 463 = 0, n*z + 4*p = -938 + 3169. What are the prime factors of z?
443
Let c = -14537 - -29828. List the prime factors of c.
3, 1699
Suppose -13*z + 16*z = 0. What are the prime factors of 1 - (4 + (-252 - (-4 + z)))?
5, 7
Suppose 10 = 10*r, 22*z + 120250 = 26*z + 2*r. What are the prime factors of z?
2, 15031
Suppose -3*i + 22 = 4. Suppose i*k - 2046 = -0*k. What are the prime factors of -3 - (k + 4)/(-3)?
2, 7
List the prime factors of -12 - (-1863 - 25/(-5)).
2, 13, 71
Let b = 49 - 39. Suppose 4*r + 2 = b. List the prime factors of (r - -2)/(-4)*-4.
2
Let s = -85235 - -125506. List the prime factors of s.
7, 11, 523
Let g = -747 - -4139. List the prime factors of g.
2, 53
List the prime factors of (-2)/(-3 + 210/50) + (-939610)/(-15).
62639
Suppose -x + 2*k = -1697, 3*x + 2*k = 6049 - 974. Suppose -1683 = -4*l + 3*t, -11*l = -7*l - 5*t - x. List the prime factors of l.
3, 139
Let h be ((-54)/63)/(1/(-7)). List the prime factors of 1/(h*3/9666).
3, 179
Let l(v) = 2392*v - 862. What are the prime factors of l(7)?
2, 3, 2647
Let d(w) = -w**3 + 4*w**2 + w - 10. Let z be d(2). Suppose -x + 1363 = u, 3*u + z*x - 4095 = -x. What are the prime factors of u?
2, 683
Let u be (-76)/(-20) + 1/5. Let k(t) = -10*t + 5. Let l be k(u). Let o = l - -79. What are the prime factors of o?
2, 11
Let p = -283 - -113. What are the prime factors of (5 - 6)/(-1) + 3 - p?
2, 3, 29
Let s(x) = 11*x**2 - 5*x - 4. Let m(p) = 16*p - 152. Let z be m(9). What are the prime factors of s(z)?
2, 5, 37
Let h = 28 - 28. Let x be 2/(8/(-4))*h. Suppose -4*i - 5*j + 262 = 0, -4*j = 4*i - x*i - 264. List the prime factors of i.
2, 17
Let x(j) = j**3 + 5*j**2 - 10*j - 13. Let b be x(-6). Suppose -b*g + 3942 = -2*g. List the prime factors of g.
2, 3, 73
Let i = -93 - 51. Let x be ((-30)/(-4))/(9/i). List the prime factors of (x/25)/((-2)/10).
2, 3
Suppose 28*a - 2579 = 27*a - 4*r, -2*a - r = -5144. Let c = -1664 + a. List the prime factors of c.
907
Suppose 3*u - 26 = 4*f - 554, 5*f - 5*u - 660 = 0. Suppose h + f + 48 = 0. Let n = h - -257. What are the prime factors of n?
7, 11
Let i(s) = s**3 - 7*s**2 + 3*s + 9. Let w be i(9). Suppose -186*o - 9516 = -w*o. List the prime factors of o.
13, 61
Suppose -10*d + 13*d + 132027 = 5*v, 3*d + 27 = 0. List the prime factors of v.
2, 3, 5, 11
Suppose -9*j + 5*j + 1350 = 2*l, -3*j + 2034 = 3*l. List the prime factors of l.
3, 227
Suppose 20*l - 16*l = 2*z + 17670, -4*z = -2*l + 8826. List the prime factors of l.
3, 491
Let k = 4431 + 291. Suppose -1392 = 10*f - k. What are the prime factors of f?
3, 37
Suppose -2*t - 21950 = -4*s, 3*t + 21945 = 4*s - 0*t. What are the prime factors of s?
2, 3, 5, 61
Let x = 143 - 139. List the prime factors of x/(-6) + 659/3.
3, 73
Suppose -51*d + 34*d = -91171. List the prime factors of d.
31, 173
Let r = 14977 + -7701. Suppose -z + 2*z - r = -5*f, -2932 = -2*f + 5*z. List the prime factors of f.
2, 7, 13
Let d(y) = y**2 - 20*y + 34. Let k be d(13). Let j = k - -203. List the prime factors of j.
2, 73
Suppose 3*b - 7223 = -5*c, -4*c + 4364 + 5280 = 4*b. List the prime factors of b.
2, 151
Let y(j) = 37 + 7*j + 9*j**2 - 19*j + 18 - 11. List the prime factors of y(3).
89
List the prime factors of 73*(3 + -14 - -30).
19, 73
Let x(j) = -j**3 + 50*j**2 + 3*j + 34. Let w(d) = -d**3 + 1. Let a(o) = 3*w(o) - x(o). What are the prime factors of a(-25)?
2, 11
Let m = 25533 + -14631. What are the prime factors of m?
2, 3, 23, 79
Let n = -10235 + 35103. What are the prime factors of n?
2, 6217
Suppose -2*f + 91 = 27. Let o = 23 - f. Let l = 24 + o. List the prime factors of l.
3, 5
Suppose 202*n = -120*n + 104*n. Let m(s) = 18 - s + 5 + 5*s. What are the prime factors of m(n)?
23
Suppose 3*v - 15 + 3 = 0. Let o be 1845/3 - 1*v/(-2). Suppose -o = -5*a + 68. List the prime factors of a.
137
Suppose -93*q = -114*q + 78*q - 811623. List the prime factors of q.
29, 491
Let k(f) = 2*f + 30. Let o(b) = -b**3 - 11*b**2 + 5. Let p be o(-11). Suppose -3*d + 2*d = 4*r + 24, p*d - r + 36 = 0. What are the prime factors of k(d)?
2, 7
Let x be (35 + -7)/(-7) - (-381)/1. Suppose 0 = -48*t + 47*t + x. List the prime factors of t.
13, 29
Suppose t + 22882 = 4*h - 16995, -2*h + 19940 = -2*t. What are the prime factors of h?
3, 3323
Let g be (-174)/145 - 42552/(-10). Suppose 163*h - g = 157*h. List the prime factors of h.
709
Suppose -3*h = 12, -2*r = -21*h + 17*h - 1232. Suppose 5*i - 3022 = -p, 14*i + r = 15*i - p. What are the prime factors of i?
5, 11
Let m(p) = 6 - 3*p + 3*p**3 - p**3 - 2*p**3 + 7*p**2 - p**3. Let l be (-261)/(-45) + (16/10)/(-2). What are the prime factors of m(l)?
41
Let q(y) = -116*y + 478. Let l be q(7). Let i = -215 + 786. Let r = i + l. List the prime factors of r.
3, 79
Suppose 4*l = 2*t - 1542, 4*l = 4 + 16. Suppose -4*p = -2*s + p + t, 0 = s + 4*p - 397. List the prime factors of s.
3, 131
Let i(t) = 3652*t - 2199. List the prime factors of i(5).
16061
Suppose 2*v = -4 - 10, 4*f - 99370 = 2*v. List the prime factors of f.
59, 421
Suppose 42*x + 40*x = 283146. List the prime factors of x.
3, 1151
Let u(k) = 2*k**2 - 4*k + 5. Let p be u(2). Suppose 121 = -a + h + 477, p*h = -a + 380. List the prime factors of a.
2, 3, 5
Suppose 0 = 265*n - 245*n - 85300. What are the prime factors of n?
5, 853
Let o(c) = 422*c**2 - 39*c - 187. List the prime factors of o(-8).
43, 631
Let j be 5 + -1 + -10 + (4 - 0). Let b(q) = -403*q + 20. What are the prime factors of b(j)?
2, 7, 59
Suppose 1533 = 32*i - 42371. Suppose 683*v - i = 679*v. List the prime factors of v.
7
Let y(b) = -2*b**2 - 10*b - 39. Let k be y(12). Let o = -185 - k. List the prime factors of o.
2, 131
Let c be (-33)/44 + 1254/8. List the prime factors of 2102/18 - c/(-702).
3, 13
Let n = 7292 + 205. What are the prime factors of n?
3, 7, 17
Suppose 5*l - 2*r - 241 - 209 = 0, 4*l - 360 = -4*r. Let a = -36 + l. List the prime factors of a.
2, 3
Suppose 13*q - 12837 = 2*q. Suppose 0 = 11*i - q - 505. List the prime factors of i.
2, 19
Suppose 6*r - 30 = 4*r. Let x = -13 + r. Suppose 4*c + 4*b = 244, -234 = -0*c - 4*c - x*b. What are the prime factors of c?
2, 7
Let l(w) = -7*w**3 + 7*w**2 - 14*w - 95. Suppose 308 - 343 = 7*m. List the prime factors of l(m).
5, 41
Let d(g) be the second derivative of -g**4/6 + 23*g**3/6 - 6*g**2 + 34*g. Let u be d(17). List the prime factors of -2*3/6*u.
199
Let c be 4/6*165/(-2). Let d = -32 - c. Suppose j - 62 = d. List the prime factors of j.
5, 17
Suppose -3*c = -6*c + z + 477, -4*c + z = -636. Suppose 0 = -5*m + 9 - c. Let v = m + 40. What are the prime factors of v?
2, 5
Suppose -c = -v - 37 + 649, 2*v + 5*c - 1231 = 0. Suppose 17*p = 8465 + v. What are the prime factors of p?
2, 3, 89
Suppose -232215 - 669777 = -91*l. List the pr